{"id":25,"date":"2015-02-06T13:49:38","date_gmt":"2015-02-06T11:49:38","guid":{"rendered":"https:\/\/www.urlaub-am-tegernsee.de\/cms\/?page_id=25"},"modified":"2023-01-09T11:52:08","modified_gmt":"2023-01-09T09:52:08","slug":"preise","status":"publish","type":"page","link":"https:\/\/www.urlaub-am-tegernsee.de\/cms\/preise\/","title":{"rendered":"Preise"},"content":{"rendered":"<table class=\" alignleft\" style=\"width: 100%;\" border=\"0\" cellspacing=\"8\" cellpadding=\"8\">\n<tbody>\n<tr>\n<td>\n<p style=\"text-align: center;\"><div id=\"metaslider-id-113\" style=\"width: 100%; margin: 0 auto;\" class=\"ml-slider-3-27-13 metaslider metaslider-nivo metaslider-113 ml-slider\">\n    <div id=\"metaslider_container_113\">\n        <div class='slider-wrapper theme-default'><div class='ribbon'><\/div><div id='metaslider_113' class='nivoSlider'><img src=\"https:\/\/www.urlaub-am-tegernsee.de\/cms\/wp-content\/uploads\/2015\/02\/gaestehaus_schoepfer_slider_001.jpg\" height=\"450\" width=\"1000\" alt=\"\" class=\"slider-113 slide-114\" \/><img src=\"https:\/\/www.urlaub-am-tegernsee.de\/cms\/wp-content\/uploads\/2015\/02\/gaestehaus_schoepfer_slider_01.jpg\" height=\"450\" width=\"1000\" alt=\"\" class=\"slider-113 slide-115\" \/><img src=\"https:\/\/www.urlaub-am-tegernsee.de\/cms\/wp-content\/uploads\/2015\/02\/gaestehaus_schoepfer_slider_02.jpg\" height=\"450\" width=\"1000\" alt=\"\" class=\"slider-113 slide-116\" \/><img src=\"https:\/\/www.urlaub-am-tegernsee.de\/cms\/wp-content\/uploads\/2015\/02\/gaestehaus_schoepfer_slider_03.jpg\" height=\"450\" width=\"1000\" alt=\"\" class=\"slider-113 slide-117\" \/><img src=\"https:\/\/www.urlaub-am-tegernsee.de\/cms\/wp-content\/uploads\/2015\/02\/gaestehaus_schoepfer_slider_04.jpg\" height=\"450\" width=\"1000\" alt=\"\" class=\"slider-113 slide-118\" \/><img src=\"https:\/\/www.urlaub-am-tegernsee.de\/cms\/wp-content\/uploads\/2015\/02\/gaestehaus_schoepfer_slider_05.jpg\" height=\"450\" width=\"1000\" alt=\"\" class=\"slider-113 slide-119\" \/><img src=\"https:\/\/www.urlaub-am-tegernsee.de\/cms\/wp-content\/uploads\/2015\/02\/gaestehaus_schoepfer_slider_07.jpg\" height=\"450\" width=\"1000\" alt=\"\" class=\"slider-113 slide-120\" \/><img src=\"https:\/\/www.urlaub-am-tegernsee.de\/cms\/wp-content\/uploads\/2015\/02\/gaestehaus_schoepfer_slider_08.jpg\" height=\"450\" width=\"1000\" alt=\"\" class=\"slider-113 slide-121\" \/><\/div><\/div>\n        \n    <\/div>\n<\/div><\/p>\n<p>&nbsp;<\/p>\n<p>Sehr geehrte Internetg\u00e4ste,<\/p>\n<p>Hier erhalten Sie eine Preisinformation unserer Einzel- und Doppelzimmer, unseres G\u00e4stehauses. Bei Interesse f\u00fcr eine Buchungsanfrage oder n\u00e4here Informationen zu unseren Angeboten, nehmen Sie einfach <a title=\"Kontakt\" href=\"https:\/\/www.urlaub-am-tegernsee.de\/cms\/kontakt\/\">Kontakt<\/a> zu uns auf.<\/p>\n<p>&nbsp;<\/td>\n<\/tr>\n<\/tbody>\n<\/table>\n<table class=\" alignleft\" style=\"width: 100%;\" border=\"0\" cellspacing=\"8\" cellpadding=\"8\">\n<tbody>\n<tr>\n<td><strong><span style=\"color: #008080;\">Unsere Preise:<\/span><\/strong><\/td>\n<td><\/td>\n<\/tr>\n<tr>\n<td><strong>Einzelzimmer mit Dusche und WC (inkl. Fr\u00fchst\u00fcck und Kurabgabe)\u00a0\u00a0\u00a0<\/strong><\/p>\n<p><strong>Mindestaufenthalt 3 Tage<\/strong><\/p>\n<p>ab 3 \u00dcbernachtungen: 55,00\u20ac<\/p>\n<p>&nbsp;<\/p>\n<p><strong>Doppelzimmer mit Dusche und WC (inkl. Fr\u00fchst\u00fcck und Kurabgabe)<\/strong><\/p>\n<p><strong>Mindestaufenthalt 3 Tage<br \/>\n<\/strong><\/p>\n<p>ab 3 \u00dcbernachtungen: 80,00 \u20ac<\/p>\n<p>&nbsp;<\/td>\n<td>&nbsp;<\/p>\n<p>&nbsp;<\/td>\n<\/tr>\n<\/tbody>\n<\/table>\n<p>&nbsp;<\/p>\n","protected":false},"excerpt":{"rendered":"<p>&nbsp; Sehr geehrte Internetg\u00e4ste, Hier erhalten Sie eine Preisinformation unserer Einzel- und Doppelzimmer, unseres G\u00e4stehauses. Bei Interesse f\u00fcr eine Buchungsanfrage oder n\u00e4here Informationen zu unseren Angeboten, nehmen Sie einfach Kontakt zu uns auf. &nbsp; Unsere Preise: Einzelzimmer mit Dusche und WC (inkl. Fr\u00fchst\u00fcck und Kurabgabe)\u00a0\u00a0\u00a0 Mindestaufenthalt 3 Tage ab 3 \u00dcbernachtungen: 55,00\u20ac &nbsp; Doppelzimmer mit [&hellip;]<\/p>\n","protected":false},"author":1,"featured_media":0,"parent":0,"menu_order":0,"comment_status":"closed","ping_status":"closed","template":"","meta":[],"aioseo_notices":[],"_links":{"self":[{"href":"https:\/\/www.urlaub-am-tegernsee.de\/cms\/wp-json\/wp\/v2\/pages\/25"}],"collection":[{"href":"https:\/\/www.urlaub-am-tegernsee.de\/cms\/wp-json\/wp\/v2\/pages"}],"about":[{"href":"https:\/\/www.urlaub-am-tegernsee.de\/cms\/wp-json\/wp\/v2\/types\/page"}],"author":[{"embeddable":true,"href":"https:\/\/www.urlaub-am-tegernsee.de\/cms\/wp-json\/wp\/v2\/users\/1"}],"replies":[{"embeddable":true,"href":"https:\/\/www.urlaub-am-tegernsee.de\/cms\/wp-json\/wp\/v2\/comments?post=25"}],"version-history":[{"count":24,"href":"https:\/\/www.urlaub-am-tegernsee.de\/cms\/wp-json\/wp\/v2\/pages\/25\/revisions"}],"predecessor-version":[{"id":474,"href":"https:\/\/www.urlaub-am-tegernsee.de\/cms\/wp-json\/wp\/v2\/pages\/25\/revisions\/474"}],"wp:attachment":[{"href":"https:\/\/www.urlaub-am-tegernsee.de\/cms\/wp-json\/wp\/v2\/media?parent=25"}],"curies":[{"name":"wp","href":"https:\/\/api.w.org\/{rel}","templated":true}]}}