{"id":145,"date":"2015-02-09T17:01:49","date_gmt":"2015-02-09T15:01:49","guid":{"rendered":"https:\/\/www.urlaub-am-tegernsee.de\/cms\/?page_id=145"},"modified":"2020-03-05T15:32:35","modified_gmt":"2020-03-05T13:32:35","slug":"partnerlinks","status":"publish","type":"page","link":"https:\/\/www.urlaub-am-tegernsee.de\/cms\/partnerlinks\/","title":{"rendered":"Partnerlinks &#038; Webcams"},"content":{"rendered":"<table class=\" alignleft\" style=\"width: 100%;\" border=\"0\" cellspacing=\"8\" cellpadding=\"8\">\n<tbody>\n<tr>\n<td>\n<p style=\"text-align: center;\"><div id=\"metaslider-id-113\" style=\"width: 100%; margin: 0 auto;\" class=\"ml-slider-3-27-13 metaslider metaslider-nivo metaslider-113 ml-slider\">\n    <div id=\"metaslider_container_113\">\n        <div class='slider-wrapper theme-default'><div class='ribbon'><\/div><div id='metaslider_113' class='nivoSlider'><img src=\"https:\/\/www.urlaub-am-tegernsee.de\/cms\/wp-content\/uploads\/2015\/02\/gaestehaus_schoepfer_slider_001.jpg\" height=\"450\" width=\"1000\" alt=\"\" class=\"slider-113 slide-114\" \/><img src=\"https:\/\/www.urlaub-am-tegernsee.de\/cms\/wp-content\/uploads\/2015\/02\/gaestehaus_schoepfer_slider_01.jpg\" height=\"450\" width=\"1000\" alt=\"\" class=\"slider-113 slide-115\" \/><img src=\"https:\/\/www.urlaub-am-tegernsee.de\/cms\/wp-content\/uploads\/2015\/02\/gaestehaus_schoepfer_slider_02.jpg\" height=\"450\" width=\"1000\" alt=\"\" class=\"slider-113 slide-116\" \/><img src=\"https:\/\/www.urlaub-am-tegernsee.de\/cms\/wp-content\/uploads\/2015\/02\/gaestehaus_schoepfer_slider_03.jpg\" height=\"450\" width=\"1000\" alt=\"\" class=\"slider-113 slide-117\" \/><img src=\"https:\/\/www.urlaub-am-tegernsee.de\/cms\/wp-content\/uploads\/2015\/02\/gaestehaus_schoepfer_slider_04.jpg\" height=\"450\" width=\"1000\" alt=\"\" class=\"slider-113 slide-118\" \/><img src=\"https:\/\/www.urlaub-am-tegernsee.de\/cms\/wp-content\/uploads\/2015\/02\/gaestehaus_schoepfer_slider_05.jpg\" height=\"450\" width=\"1000\" alt=\"\" class=\"slider-113 slide-119\" \/><img src=\"https:\/\/www.urlaub-am-tegernsee.de\/cms\/wp-content\/uploads\/2015\/02\/gaestehaus_schoepfer_slider_07.jpg\" height=\"450\" width=\"1000\" alt=\"\" class=\"slider-113 slide-120\" \/><img src=\"https:\/\/www.urlaub-am-tegernsee.de\/cms\/wp-content\/uploads\/2015\/02\/gaestehaus_schoepfer_slider_08.jpg\" height=\"450\" width=\"1000\" alt=\"\" class=\"slider-113 slide-121\" \/><\/div><\/div>\n        \n    <\/div>\n<\/div><\/p>\n<p><a href=\"http:\/\/www.tegernsee.com\/service\/webcams-in-der-ferienregion-tegernsee.html\" target=\"_blank\" rel=\"noopener noreferrer\">Webcams um den Tegernsee<\/a><\/p>\n<p><a href=\"https:\/\/download.transdev.de\/transdev\/uploads\/bb\/schedule\/412\/bob-fahrplan-munchen-hbf-holzkirchen-tegernsee-15-12-2019-12-12-2020.pdf\">Fahrplan Bayerische Oberlandbahn M\u00fcnchen &#8211; Tegernsee 2020<\/a><\/p>\n<p><a href=\"https:\/\/download.transdev.de\/transdev\/uploads\/bb\/schedule\/410\/bob-fahrplan-munchen-hbf-holzkirchen-lenggries-15-12-2019-12-12-2020.pdf\">Fahrplan Bayerische Oberlandbahn M\u00fcnchen &#8211; Lenggries 2020<\/a><\/p>\n<p><a href=\"https:\/\/download.transdev.de\/transdev\/uploads\/bb\/schedule\/411\/bob-fahrplan-munchen-hbf-holzkirchen-bayrischzell-15-12-2019-12-12-2020.pdf\">Fahrplan Bayerische Oberlandbahn M\u00fcnchen &#8211; Bayrischzell 2020<\/a><\/p>\n<p><a href=\"http:\/\/www.bayerischeoberlandbahn.de\/uploads\/bob\/downloads\/schedule\/2\/munchen-hbf-tegernsee.pdf\" target=\"_blank\" rel=\"noopener noreferrer\">Bayerische Oberlandbahn Streckennetz<\/a><\/p>\n<p><a href=\"http:\/\/www.braustuberl.de\/\" target=\"_blank\" rel=\"noopener noreferrer\">Br\u00e4ust\u00fcberl Tegernsee<\/a><\/p>\n<p><a href=\"http:\/\/www.bayregio-tegernsee.de\" target=\"_blank\" rel=\"noopener noreferrer\">Bayregio-Tegernsee.de<\/a><\/p>\n<p><a href=\"http:\/\/www.muenchen.de\/\" target=\"_blank\" rel=\"noopener noreferrer\">Seite der Stadt M\u00fcnchen<\/a><\/p>\n<p>&nbsp;<\/td>\n<\/tr>\n<\/tbody>\n<\/table>\n<p>&nbsp;<\/p>\n","protected":false},"excerpt":{"rendered":"<p>Webcams um den Tegernsee Fahrplan Bayerische Oberlandbahn M\u00fcnchen &#8211; Tegernsee 2020 Fahrplan Bayerische Oberlandbahn M\u00fcnchen &#8211; Lenggries 2020 Fahrplan Bayerische Oberlandbahn M\u00fcnchen &#8211; Bayrischzell 2020 Bayerische Oberlandbahn Streckennetz Br\u00e4ust\u00fcberl Tegernsee Bayregio-Tegernsee.de Seite der Stadt M\u00fcnchen &nbsp; &nbsp;<\/p>\n","protected":false},"author":1,"featured_media":0,"parent":0,"menu_order":0,"comment_status":"closed","ping_status":"closed","template":"","meta":[],"aioseo_notices":[],"_links":{"self":[{"href":"https:\/\/www.urlaub-am-tegernsee.de\/cms\/wp-json\/wp\/v2\/pages\/145"}],"collection":[{"href":"https:\/\/www.urlaub-am-tegernsee.de\/cms\/wp-json\/wp\/v2\/pages"}],"about":[{"href":"https:\/\/www.urlaub-am-tegernsee.de\/cms\/wp-json\/wp\/v2\/types\/page"}],"author":[{"embeddable":true,"href":"https:\/\/www.urlaub-am-tegernsee.de\/cms\/wp-json\/wp\/v2\/users\/1"}],"replies":[{"embeddable":true,"href":"https:\/\/www.urlaub-am-tegernsee.de\/cms\/wp-json\/wp\/v2\/comments?post=145"}],"version-history":[{"count":21,"href":"https:\/\/www.urlaub-am-tegernsee.de\/cms\/wp-json\/wp\/v2\/pages\/145\/revisions"}],"predecessor-version":[{"id":454,"href":"https:\/\/www.urlaub-am-tegernsee.de\/cms\/wp-json\/wp\/v2\/pages\/145\/revisions\/454"}],"wp:attachment":[{"href":"https:\/\/www.urlaub-am-tegernsee.de\/cms\/wp-json\/wp\/v2\/media?parent=145"}],"curies":[{"name":"wp","href":"https:\/\/api.w.org\/{rel}","templated":true}]}}